3) + (306 - 259)
26
What is 8 + (-5 - 4) + -22 + 58?
35
What is the value of 14 + (3 - (11 + -4)) - (-1 - (-20 + 9))?
0
What is -143 - ((11 - ((33 - -2) + -9)) + 4) - -15?
-117
(3 + -11 - 12 - -6) + 138 - 18
106
Calculate (-12 + 2 - 7) + -8 + -2 + 10.
-17
Evaluate 13 - (-1 + 4 + -3 - -10) - (-53 - 1).
57
5 + -19 + -9 + 15 + 37
29
What is -36 - -11 - -23 - (7 + (-48 - (-7 - -7)))?
39
Calculate -40 - (-46 + -34) - 83.
-43
-42 + 147 + -100 + -129 + -8
-132
92 - (107 - (68 - 7))
46
-6 - 4 - ((32 - 15) + 0 + -31)
4
(13 + -14 - 4) + -31 + 97
61
7 + -7 + (58 - (-7 + 6 - 11))
70
What is 1 + 21 - ((64 - 31 - -14) + -49)?
24
Calculate 56 + (36 - -11 - 117) + 55 + 0.
41
Calculate -46 - (27 - (10 + -28) - 30).
-61
What is 152 - 13 - (251 - 77)?
-35
What is the value of -17 + 29 - 66 - ((7 - 10) + (1 - -2))?
-54
What is (-2 - (-19 - -21 - (-2 - -19))) + -1?
12
Evaluate -165 + 57 + (28 - -7).
-73
Calculate 355 - 336 - (0 + -93).
112
Calculate -30 + 2 + -5 + 20 - (-1 + 1 + 8).
-21
What is (-40 - (43 - (73 + 30))) + 22?
42
What is 0 + -22 + -1 + 25 + (34 - (-7 - -55))?
-12
What is the value of 16 + -1 - (-30 + (27 - 19) - -13 - -3)?
21
-23 + (-36 - -19 - -21) + 9
-10
What is the value of 108 + -98 + (9 + -13 - -4)?
10
What is -4 + -5 + -1 - (14 + -3 + 5)?
-26
Evaluate -38 + (-71 - (-41 - 52)).
-16
Calculate (-53 - -82) + 27 - 126.
-70
Evaluate 36 - (-13 - (0 + -6 + 5 - 4)).
44
What is the value of (-181 - -111) + (-49 - -124)?
5
11 + 3 + 15 + 27 + -65
-9
Calculate 108 - (-101 + 76 - -66).
67
Calculate -151 - -162 - -190 - 75.
126
What is the value of (232 + -249 - (40 + -9)) + 182?
134
9 + (13 + (-2 - (15 - 4)) - 4)
5
What is -33 + (-100 - -137 - 95)?
-91
Evaluate -186 + 146 - ((-1 - -2) + 3 + -12 + 5).
-37
14 - (4 + 3) - (5 - (-11 - -1))
-8
What is -56 + (-10 - 7) + 18 + -4 + 0?
-59
Calculate -72 - (-34 + 83 + -92).
-29
Calculate 3 + 95 - (3145 - 3114).
67
Evaluate -37 - -2 - (-472 + 467).
-30
(-39 - (20 - 50)) + 53 + -2 + -11
31
Evaluate 30 + 0 + -1 + 47 + -102 + 45.
19
What is 3 + 9 + (8 - 0) + (-50 + 19 - -56)?
45
-1 - 13 - (134 + -81 + -26)
-41
-3 - -104 - (53 + -90 + 47)
91
Evaluate 55 + (0 - 5) - (-62 - -42).
70
Evaluate 6 - ((-11 - -27) + -7) - (0 - -2) - -54.
49
What is the value of 74 + ((20 - (22 - -8)) + 6 - -6)?
76
50 + (-1 - 2) + (-14628 - -14657)
76
Calculate 96 + (38 - 97) - -20.
57
-3 - -20 - ((-7 - (5 + -13)) + (14 - 20))
22
-58 + -24 + 9 - -41
-32
What is the value of 107 - 91 - -120 - 96?
40
What is (-2003 - -2034) + -46 + -1?
-16
64 + -76 + (-10 - 63) + (-1 - 5)
-91
9 + -2 + ((2 + 4 - 5) + -1 - 0)
7
Evaluate 24 - (17 - ((-20 - -12) + 55) - -14).
40
What is 0 + (10 - (30 + -34) - (-2 + -39))?
55
What is the value of 2 + 70 - (292 + (-511 - -257))?
34
Evaluate 0 + (9 - 11) + (-9 - (5 - 27)).
11
Evaluate (-9 - 4 - (-5 + 2)) + (-51 - -9).
-52
What is -35 + (-87 - -36) + 56?
-30
Evaluate -1 + -13 + (-23 - (39 + 0 - (1000 - 1021))).
-97
(11 + -10 - 24) + 43 + 9
29
What is the value of (18 - 1 - (299 - 299)) + -6?
11
Calculate (-62 - (0 + 1 - -2)) + (-5657 - -5645).
-77
Calculate 702 - 694 - (2 - (-63 + 0) - (-7 + 6)).
-58
-83 - ((3 - (1 - 3)) + (-6 - 53) + 51)
-80
Calculate 66 - (12 + -58 - (-149 + 58)).
21
Evaluate -3 - (82 + -91 + (3 + -1 - 17)).
21
What is 43 + -34 + (3 - 77)?
-65
Evaluate 51 + (-46 - (-30 + 44)).
-9
22 + -8 + 8 + -29
-7
Calculate 50 + (-72 - -36) + (2 - -56) + -1 + 2.
73
-6 - (2 + -14 - ((57 + 2 - 20) + 1))
46
Evaluate 90 - (-66 - 39 - -102).
93
Calculate (12 + -8 + 25 - 27) + 10.
12
Calculate 26 - -13 - (1 + 6 + (-3 - (1 + 3))).
39
Evaluate (-86 - -22) + 99 + -70.
-35
-23 + 134 + -94 - -25
42
((6 - 11) + -12 + 17 + -11 - -10) + -59
-60
Evaluate -17 + (115 - 9) + -73.
16
-36 + (-35 - (30 - 35))
-66
Evaluate (1 - -33) + (28 - 89 - -75).
48
-6 + 58 + -84 - -6
-26
(-7 + 14 - (-3 - (-19 + 13))) + 28
32
1 - (40 + -2 - -15) - (1 + 14 + 0)
-67
Calculate (8 - 41) + 27 - (0 + 57).
-63
Calculate 85 - (-132 + 55) - 45.
117
What is 9 + 14 + -14 + -7 - 12?
-10
Evaluate 7 + 28 + -36 + -22.
-23
69 - (-5 + 2 + 23 + 17 + -37)
69
-6 + (5 - (3 + 1 - -10)) + 8 + -63
-70
What is (-434 - (-303 - 139)) + (-79 - 1 - (-1 + 2))?
-73
Calculate -12 + -1 + -8 + 40 + 9 + 6.
34
What is the value of (6 - (1 + -4)) + (-56 - (16 + -28 + -15))?
-20
Evaluate (-97 + 76 - -31) + -66 + 3 + 3 + -3.
-53
What is the value of (-76 - -10) + 15 + -4 - -21?
-34
Evaluate 6 + 36 + -50 + 23.
15
(0 - 29 - (168 - 186)) + 41
30
What is the value of -48 - (2 + -37 - (-8 + -7))?
-28
8 + -1 + (-94 - -93) + (-10 - 2)
-6
What is the value of (2 - ((-9 - -15) + 5 + -14)) + (-60 - -3)?
-52
Evaluate -32 + (167 - -25) + -12.
148
Calculate -20 - (-38 + (-14 - -31) - -12).
-11
Evaluate -58 - (43 + -76 + 22).
-47
What is the value of (6 - (42 - (6 - -18))) + -7 + 2 + -1?
-18
(0 - 4 - -11 - (-37 - (-17 - 93))) + -13
-79
What is the value of (-40 + 149 - 133) + (16 - 0)?
-8
Evaluate -38 + -6 + -48 + 43 + -1.
-50
What is the value of 5 - (7 + 10 + -14 - (4 + -4) - -5)?
-3
19779 + -19897 - (0 + -35 - 2)
-81
81 - (-50 + -55 - -144)
42
7 + -2 - (-181 + 145 + 10)
31
What is 0 + 8 - (-2 - -1) - (-3 - 3 - -18)?
-3
Calculate -44 - (6 + -4 + -21 + 8 - (-23 + 14)).
-42
What is the value of -122 + -23 + 8 + 11 + 10 - 0?
-116
Calculate (1 - -46 - (-136 + (142 - -18))) + -4.
19
Calculate 63 - (-15 + 12 + 6 + -4 + -24 - -14).
74
What is -2 - (-21 + 7 + 7) - (18 - (-19 + 51))?
19
What is (5 - -120) + -153 + (-2 - 82)?
-112
(-55 - (-6 + -12 + 9)) + (4 - -8)
-34
-25 + 3 - (0 + -22 + (-3055 - -2959))
96
What is the value of 0 + -14 + (-419 - -440) - 16?
-9
Calculate (65 - -1) + (-19 - 0) + 0 + (-6885 - -6892).
54
Calculate -13 - (11 - 26 - -8) - (-5 - -2).
-3
Calculate 27 + (-40 - (-7 - 4)) + 84.
82
What is the value of 10 + 3 + -56 + 71 + -27?
1
What is the value of 14 + 0 + -31 + 26 - 9?
0
Calculate (25 - 28 - (-11 + 4)) + 28 + (0 - 5).
27
What is 116 - (-14 + (-21 + 36 + 21 - (-1 + 12)))?
105
Calculate 112 + (-34 - (28 - 52)) - 24.
78
Calculate -77 + 16 + 3 + 4 + 4.
-50
5 - (22 + (13 + 19 - 11))
-38
((-35 - -15) + 22 - -3) + -2 + 9 + 1
13
Evaluate -74 + (4 - 13) - (12 + -10 + 0).
-85
What is the value of (-5 - (-2 - 6 - 21)) + 11 - -7?
42
(-73 - -84) + (-49 - -21) + -1 + 6
-12
What is the value of -1 - -1 - -4 - (-131 - (-26 + -101)) - 9?
-1
What is 108 + -116 + (-1 + 6 + -48 - 0)?
-51
Evaluate (-80 - -85) + (-15 - -1) + 1 + -30 + 12.
-26
What is the value of (4 + 23 - 14) + -13 + (5 - 3) + 24?
26
2438 + -2401 - (0 - -27)
10
Evaluate 65 - (56 + -17 + 16) - ((0 - -72) + -1).
-61
Calculate -6 + 52 + (-3 - -10 - 6 - -9).
56
What is the value of 97 - (87 - 18) - -46?
74
Evaluate 119 - (2 - -1) - (-28 + (-16 + 48 - 10)).
122
Calculate 1 + (4 - 2) - (-38 - -105).
-64
-2 + 8 + (49 - (22 - (28 - 17)))
44
Evaluate 95 + -7 - (-55 - (3 - 70)).
76
Evaluate 36 - (66 + 38 + (-127 - -45)).
14
Evaluate -3 + 1 + ((6 - (11 - 11)) + 19 - 24).
-1
What is the value of 64 + 25 + -189 + 15 + (-1 - 5)?
-91
Calculate -62 + (1 + -3 - (10 + -2 + (-109 - -108))).
-71
What is the value of (-1 - 95) + (1 + 22 - (63 + -49))?
-87
-139 - (-5 - (14 + -3) - (20 + -15))
-118
Calculate (18 + -35 - -13) + 2 - (2 + 3).
-7
Evaluate -6 + -2 + 16 + -10 - -18 - 4.
12
-3 + 18 + (-17 - -15 - 10)
3
What is (69 - -7) + (19 - 14) + 0 + 1 + -8?
74
-3 - (-5 - (-4 - 39) - 67)
26
What is the value of 81 - (21 + -1 - -18)?
43
Evaluate 8 - (0 - -3 - (-71 + 35 + 37)).
6
Calculate -89 + -116 + 235 + -153.
-123
What is the value of -134 + 132 + -48 + -10?
-60
What is (-35 + 16 - ((-113 - 10) + 10)) + (12 - -2)?
108
What is (-2 + -19 + -2 - -43) + -13?
7
Evaluate 3 + 24 - (1930 - 1926).
23
Evaluate -13 + -21 + (58 - 34) - (-1 + 13).
-22
30 - (-6 + 33) - (9 - 8)
2
Evaluate -13 + (6 - 2) + 3 + (18 - 4) - 9.
-1
Evaluate 1 - (1 + -2) - (-8444 + 8369).
77
Evaluate 89 + (-21 + 0 - (-501 + 492)).
77
Evaluate (27 - 7) + (-3 - 12 - (-10 - 5)).
20
What is the value of 101 + -1 + (-9 - ((5 - -22 - 24) + -26))?
114
Calculate -6 + 6 + -4 + -11 + -1 + -25.
-41
What is (-2 - -42) + (25 - 78) + 28?
15
What is the value of 4 + -1 + -4 - 43 - (-291 + 286)?
-39
Calculate 254 + -223 - (40 - -2).
-11
-23 - (-14 - -15 - 47)
23
-50 + 109 + (-75 - 12)
-28
Evaluate (5 - (193 - 82)) + 12.
-94
What is -1 + 6 + (-17 + (-2 - -4) - -13)?
3
Evaluate 26 - (-3 + 66) - -94.
57
What is (-3